 - 14*w**2 + 12*w + 7. Give x(d).
-6
Let s(k) = k**2 - 5*k + 6. Let y be s(5). Let p = -12 + y. Let c(b) be the first derivative of b**3/3 + 5*b**2/2 - 2*b + 9660. Give c(p).
4
Let j(s) = 10*s + 1. Let y(u) = -9*u + 334. Let z be y(-30). Let f = 603 - z. Give j(f).
-9
Let i(a) = -11*a - 10. Let m(d) = -2*d - 2. Let q(s) = 6*i(s) - 30*m(s). Determine q(-2).
12
Let s = -25773 + 25762. Let f(b) = -b**2 - 7*b - 2. Give f(s).
-46
Let x(b) = 6*b**2 - 2*b - 3 - 4*b**2 + 1 + 1. Let g be x(-1). Let z(u) = -u**2 + 3*u + 4. Calculate z(g).
4
Let d = 866 + -1229. Let g be d/(-36) - 11/132. Let u(t) = t**3 - 10*t**2 + t + 2. What is u(g)?
12
Let k(n) be the first derivative of -12*n - 205 - 3/2*n**2. What is k(-6)?
6
Let g(j) = -3*j**2 + 15*j - 3. Let t(z) = -z**2 - z. Suppose 8*o = 5 + 3. Let d(y) = o*g(y) - t(y). Let c be d(8). Let h(n) = 2*n - 1. Give h(c).
-7
Let j(o) = -1 - o**3 + 5*o + 1380*o**2 - 2771*o**2 + 5 + 1390*o**2 - 4*o. Give j(-2).
6
Let p(f) be the second derivative of -f**6/90 + f**5/120 + f**4/6 + f**3/6 + 45*f**2 - 33*f. Let a(r) be the second derivative of p(r). Give a(-3).
-35
Suppose -12 = -72*v + 66*v. Let o(p) = 6*p - 3 - 3 + 4 - v*p. Determine o(6).
22
Let h(f) = -f**3 + 6*f**2 + 4*f - 6. Let p be h(3). Suppose -30*j = -p*j - 12. Let n(d) = -2*d**2 - d**2 - 3*d + 2*d**2 + d. Calculate n(j).
-8
Let s be 2/5*5 + 4. Suppose -s*l = 3*l - 5*l. Suppose -y - 5 + 14 = l. Let k(x) = x**2 - 8*x - 6. What is k(y)?
3
Let u(j) = -2*j**2 + 22*j + 6. Let y(z) = 125*z + 11382. Let o be y(-91). What is u(o)?
62
Let b = -532 + 255. Let j = b - -268. Let x(z) = 2*z + 11. Give x(j).
-7
Let k = 2970 - 2971. Let i(g) = 23*g + 11. What is i(k)?
-12
Let b = 390 + -246. Let k = -142 + b. Let j(u) = -3*u + 1. What is j(k)?
-5
Let n(z) = -6*z**2 + 69*z + 13. Let m(w) = -11*w**2 + 132*w + 29. Let i(p) = -4*m(p) + 7*n(p). Give i(23).
-2
Let p be (0 - -2) + ((-1)/2)/(2/28). Let b(i) = i**2 + 14*i + 3. What is b(p)?
-42
Let u(c) be the first derivative of -c**4/4 + 2*c**3/3 + 3*c**2 - 3*c - 2. Suppose -240 = -82*x + 88. Calculate u(x).
-11
Let p = 22 - 40. Let w = p - -20. Let v(j) be the first derivative of -j**3/3 + j**2/2 + j + 40. Determine v(w).
-1
Let t(y) = 8*y - 7. Let p(r) be the second derivative of -r**3/6 + 3*r**2/2 + 267*r. Let l(f) = 3*p(f) + t(f). Determine l(-3).
-13
Let t(y) = 3*y - 35. Let s be (-8*6/(-72))/((-2)/(-39)). Give t(s).
4
Let b(y) = y**2 + 17*y - 73. Let x be b(-21). Let f(u) = 7*u - 67. Let p be f(x). Let m(g) = 2*g - 18. What is m(p)?
2
Let r(g) = -g**2 + 3*g + 49. Let v(h) = 68*h**2 + 406*h - 12. Let o be v(-6). Determine r(o).
49
Let z(s) = 20344*s**3 + 22*s - 43*s - 25*s**2 - 20345*s**3 + 68. What is z(-24)?
-4
Let t(n) = -n + 29. Let p(v) = 127*v - 3417. Let c be p(27). Determine t(c).
17
Let w(i) be the second derivative of -i**3/3 + 13*i**2 - 7*i - 8. What is w(-3)?
32
Let c = 50 + -50. Suppose c = 8*x - 21 + 5. Suppose 4*o - 36 = 4*i, x*i + 5*o - 11 = -1. Let g(d) = 2*d + 3. Give g(i).
-7
Let v = 9 - 4. Let w(l) be the third derivative of -l**4/12 + 11*l**3/6 + l**2 + 3981*l. Calculate w(v).
1
Let v(q) = 49*q**2 + 47*q - 292. Let l(h) = -46*h**2 - 44*h + 291. Let g(b) = 16*l(b) + 15*v(b). Calculate g(-16).
4
Let z(q) be the third derivative of q**6/720 + q**5/40 - 85*q**4/12 + q**3/3 + 42*q**2. Let m(k) be the second derivative of z(k). Give m(12).
15
Let n(k) be the first derivative of 2*k**2 + 6*k - 1207. Calculate n(-4).
-10
Let o(u) = -16*u**3 - 80*u**2 - 74*u - 193. Let k(w) = -13*w**3 - 64*w**2 - 59*w - 154. Let x(l) = -11*k(l) + 9*o(l). Give x(-15).
-13
Let p(i) = i**2 - 9*i + 13. Let a be p(7). Let r be -3 + (14 - (a + 7 + -2)). Let h(y) = y - 11. What is h(r)?
-4
Let x(j) be the third derivative of j**4/12 - 19*j**3/6 - 1420*j**2. Determine x(-10).
-39
Suppose -4*u = 3*d - 20, -7 = -u + 2*d + 9. Suppose 3*q + q - 8 = 0. Let w(j) = q*j**3 - j**3 + 0*j**3 - 8*j**2 - 4 - 3 + 3*j. What is w(u)?
17
Let s(k) = k**3 + 9*k**2 + 7*k - 1. Let h = 652 - 645. Suppose -2*p - 4*c - 1 = h, -24 = 2*p - 4*c. What is s(p)?
7
Let z(d) = -44*d**3 - 2 + 11*d**3 + 1. Suppose -27 = -3*a + 6*t, 1605*a + 3*t = 1610*a - 10. Give z(a).
32
Let f(i) = -14*i - 3. Let s be f(-1). Suppose -5*d + 0*d + 21 = -4*g, 3*g + d = -s. Let o(v) = -3*v**2 - 50*v**3 - 3 + 26*v**3 + 23*v**3. Determine o(g).
13
Let c(q) = -q**3 + 7*q**2 - 6*q + 7. Suppose 3 = 2*u - 9. Let d be -8 - (u + -4)*-1. Let s(a) = -a**2 - 7*a. Let x be s(d). Give c(x).
7
Let z(y) = 1160 + 1299 - 37*y - 3164 - 33*y + 1050. What is z(5)?
-5
Let b(r) = 131 + 14613*r - 14617*r - 137 - 2*r**2 + r**3. Calculate b(0).
-6
Let n(s) be the third derivative of s**5/60 - 11*s**4/6 + 22*s**3/3 + 289*s**2. Calculate n(43).
1
Let o(v) = 6894*v**2 - 2*v**3 - 20676*v**2 + 6890*v**2 + 2 + 6891*v**2. Give o(-4).
114
Let f be (10/(-1 - 4))/(2/(-31)). Suppose 2*x = -35 + f. Let r(i) = 3*i + 0 - 2 - 4*i. What is r(x)?
0
Let s(p) be the third derivative of -p**6/360 + p**5/120 - 86*p**3/3 - p**2 - 14. Let y(r) be the first derivative of s(r). Determine y(1).
0
Let v be 16/(14*(-10)/(-70)). Let l(k) = k**2 - 10*k - 5. What is l(v)?
-21
Let d(x) = -x**3 + 5*x**2 - 4*x - 2. Let q = 60 + -57. Suppose 0*c - q*c + 22 = 2*v, 4*c = -3*v + 31. What is d(c)?
-2
Let z be 1*2/(-4)*2. Let w(q) = -q**2 - q - 1. Suppose -5 = -378*v + 373*v. Let i(s) = s**2 - 5. Let p(y) = v*i(y) + z*w(y). Calculate p(-3).
11
Let m(y) be the first derivative of -y**4/4 - 13*y**3/3 + 7*y**2 - y - 288. Give m(-14).
-1
Let k = -1995 + 2009. Let r(c) = c + 9. Determine r(k).
23
Suppose -5*r + 4*p = 1, 5*p + 123 = -3*r + 78. Let a(d) = 3*d**2 + 3*d. Give a(r).
60
Let j(q) = -q**3 + 16*q**2 - 6*q. Let p(t) = 2*t - 1. Let r(h) = j(h) + 3*p(h). What is r(16)?
-3
Let g(m) be the first derivative of 0*m**3 + 12*m - 1/2*m**2 + 1/4*m**4 - 69. Give g(0).
12
Let u(g) = g + 7. Let f = 675 - 682. Give u(f).
0
Let z(t) = 12 - 3*t - 32 - t**2 + 26. Let i be 2 + (-2)/1 + 6. Let s = -11 + i. Determine z(s).
-4
Let a(p) be the third derivative of p**6/120 - 2*p**5/15 + 11*p**4/24 + p**3/2 - 16*p**2 - 61. Determine a(6).
-3
Let r(z) = -z**3 - 5*z**2 + 3*z - 3. Let u be r(-5). Let a be (-43)/(-9) + (-4)/u. Let o(b) = -b**3 + 301 - 294 + 68*b**2 - 3*b - 4*b - 62*b**2. What is o(a)?
-3
Let f(v) = -7*v**2 - 57*v - 17. Let h(i) = 3*i**2 + 23*i + 7. Let a(c) = -5*f(c) - 12*h(c). What is a(10)?
-9
Let l(k) = -k**2 + 6*k + 2. Let x be (-6)/45 - (-3392)/240. Let t be (-2*x/(-8))/(27/54). Determine l(t).
-5
Let u(z) = -201*z**2 + 2 + 108*z**2 + 92*z**2 - 10 + 4*z. What is u(5)?
-13
Suppose 2*p - 3*p - 3*i = -9, -3*p - 3 = -i. Suppose 192*z - 195*z + 6 = p. Let c(w) = -12*w + 2. Give c(z).
-22
Let j(z) = 3*z**2 - 1. Let t be j(1). Let q(o) = -2 + 4*o**t + o**3 + o**2 + 0*o**3. Let h(n) = n**3 - 54*n**2 - 9*n - 2534. Let f be h(55). Calculate q(f).
14
Let h = 181 - 179. Let d(c) = 5*c**h - 3*c**3 + 3*c**3 - c**3 + 8*c - 5*c. Give d(6).
-18
Suppose 7*t + 10 = -4. Let k be (184/161)/(t/(-14)). Let g(l) = 2*l - 4. Determine g(k).
12
Let n(c) be the third derivative of 1/2*c**3 + 0 + 1/8*c**4 - 9*c**2 + 1/120*c**6 + 0*c + 1/20*c**5. Let v = -56 - -54. Give n(v).
1
Let r(s) = 7*s**3 + 6*s**2 - 79*s + 26. Let f(n) = -6*n**3 - 7*n**2 + 65*n - 25. Let i(q) = 6*f(q) + 5*r(q). Calculate i(-12).
40
Let v(d) = d**2 - 9*d - 10. Let h be (8 - 5) + -11 + 34. Suppose -26*q - h*q + 520 = 0. Give v(q).
0
Let u(x) = x**3 + 2*x**2 - 5*x - 11. Let o(n) = n**2 + 17*n + 27. Let p be o(-15). Determine u(p).
-5
Let z = -351 - -353. Let u(r) = -3*r**3 - 19 + r**2 + z*r**3 + 3*r**2 + 15. Determine u(4).
-4
Let h(v) be the second derivative of -v**6/360 - 7*v**5/120 - v**4/24 + 8*v**3/3 - v - 1. Let n(d) be the second derivative of h(d). Give n(-6).
5
Let l(x) = -2*x + 33. Let j be l(-6). Let m = j - 55. Let v(f) = -f**2 - 12*f - 15. Let d be v(m). Let y(k) = -k + 2. Give y(d).
-3
Let y(z) = 5*z**3 + 104*z**2 - 19*z + 9. Let h(o) = 2*o**3 + 48*o**2 - 9*o + 4. Let c(j) = 9*h(j) - 4*y(j). What is c(8)?
-40
Let k(v) be the second derivative of -v**5/20 - v**4/4 + v**3 + 7*v**2 - 6*v + 15. Determine k(-6).
86
Let v be ((-2)/24)/((-151)/(-1812)). Let m(x) = 30*x**3 + 3*x + 2. Calculate m(v).
-31
Let g(r) = -5 + 3 + 7 - 1072*r - r**2 + 6 + 1073*r. Determine g(0).
11
Let c(t) = t**2 - 7*t + 2 + 3*t**2 